{"id":165,"date":"2023-11-19T20:22:37","date_gmt":"2023-11-19T19:22:37","guid":{"rendered":"https:\/\/www.elisabeth.hu\/?page_id=165"},"modified":"2025-01-10T13:21:55","modified_gmt":"2025-01-10T12:21:55","slug":"eucharistie-abendmal","status":"publish","type":"page","link":"https:\/\/www.elisabeth.hu\/index.php\/eucharistie-abendmal\/","title":{"rendered":"Eucharistie &#8211; Heilige Messe"},"content":{"rendered":"\n<p>Im Sakrament der Eucharistie gibt sich Gott zur Nahrung: Wir empfangen den Leib Christi und werden Teil an seinem Leib, der Kirche.<\/p>\n\n\n\n<p>Die<strong> Heilige Messe<\/strong> (Eucharistie-Feier) <a href=\"https:\/\/www.esztergomi-ersekseg.hu\/hitelet\/szentmise\" target=\"_blank\" rel=\"noreferrer noopener\">in deutscher Sprache<\/a> feiern wir sonntags und an Feiertagen (Weihnachten, Neujahr, <a href=\"https:\/\/www.youtube.com\/watch?v=c4cHHOOHn0w&amp;list=PLarPhgGhSYjD21k0FdIEbMHNwbmazdj4d&amp;index=52&amp;pp=iAQB\" target=\"_blank\" rel=\"noreferrer noopener\">Allerheiligen<\/a>, &#8230;) um<strong> 10:15 Uhr.<\/strong> An anderen Fest- und Gedenktagen (Darstellung des Herrn, Aschermittwoch, Aufnahme Mariens in den Himmel, Allerseelen, &#8230;) meist abends, wenn sie nicht auf Samstag oder Sonntag fallen. Die aktuellen Zeiten erfahren Sie in den regelm\u00e4\u00dfigen Sonntagsmessen, im Schaukasten an der F\u0151 utca 43 und auf dieser website unter <a href=\"https:\/\/www.elisabeth.hu\/index.php\/nachrichten\/\" target=\"_blank\" rel=\"noreferrer noopener\">Aktuelles<\/a>.<\/p>\n\n\n\n<p>Kinder ab den zweiten und dritten Klassen bereiten wir in einem mehrmonatigen<strong> <a href=\"https:\/\/www.esztergomi-ersekseg.hu\/hitelet\/elsogyonas-elsoaldozas\" target=\"_blank\" rel=\"noreferrer noopener\">Kommunion-Kurs<\/a><\/strong> w\u00e4hrend des Schuljahres auf die volle Teilnahme an der Me\u00dffeier (Eucharistie) vor. \u00c4ltere Interessenten je nach Situation und Absprache zum Beispiel im Rahmen des Firm-Kurses. Bei Interesse nehmen Sie bitte mit uns Kontakt auf!<\/p>\n\n\n\n<figure class=\"wp-block-embed is-type-video is-provider-youtube wp-block-embed-youtube wp-embed-aspect-16-9 wp-has-aspect-ratio\"><div class=\"wp-block-embed__wrapper\">\n<iframe loading=\"lazy\" title=\"Liturgie und Leben - Was bedeutet uns die Eucharistie? Ein Film f\u00fcr die Eltern von Kommunionkindern\" width=\"780\" height=\"439\" src=\"https:\/\/www.youtube.com\/embed\/VDpQLGrCpFE?feature=oembed\" frameborder=\"0\" allow=\"accelerometer; autoplay; clipboard-write; encrypted-media; gyroscope; picture-in-picture; web-share\" referrerpolicy=\"strict-origin-when-cross-origin\" allowfullscreen><\/iframe>\n<\/div><figcaption class=\"wp-element-caption\">Video f\u00fcr Eltern von Kommunionkindern<\/figcaption><\/figure>\n\n\n\n<hr class=\"wp-block-separator has-alpha-channel-opacity\"\/>\n\n\n\n<p>Die<strong> Bibellesungen der Heiligen Messe<\/strong><\/p>\n\n\n\n<ul class=\"wp-block-list\">\n<li>in vielen Sprachen: <a href=\"https:\/\/www.virc.at\/unit\/virc\/de\/messtexte\" target=\"_blank\" rel=\"noreferrer noopener\">https:\/\/www.virc.at\/unit\/virc\/de\/messtexte<\/a>,<\/li>\n\n\n\n<li>in deutscher Sprache:<\/li>\n<\/ul>\n\n\n\n<div class=\"wp-block-group is-vertical is-content-justification-center is-layout-flex wp-container-core-group-is-layout-4b2eccd6 wp-block-group-is-layout-flex\">\n<div id=\"schottCanvas\" style=\"float:left;width:193px;\"><\/div><script src=\"https:\/\/liturgie-server.de\/dyn\/schott.free.js?sec=UJbVHxz5&amp;id=schottCanvas&amp;cal=1&amp;fs1=14px&amp;navBtn=1&amp;col1=8c0000\" referrerpolicy=\"strict-origin-when-cross-origin\"><\/script>\n<\/div>\n\n\n\n<figure class=\"wp-block-embed is-type-video is-provider-youtube wp-block-embed-youtube wp-embed-aspect-16-9 wp-has-aspect-ratio\"><div class=\"wp-block-embed__wrapper\">\n<iframe loading=\"lazy\" title=\"Was ist eine Messe?\" width=\"780\" height=\"439\" src=\"https:\/\/www.youtube.com\/embed\/XMGZepInKq8?feature=oembed\" frameborder=\"0\" allow=\"accelerometer; autoplay; clipboard-write; encrypted-media; gyroscope; picture-in-picture; web-share\" referrerpolicy=\"strict-origin-when-cross-origin\" allowfullscreen><\/iframe>\n<\/div><figcaption class=\"wp-element-caption\">\u201e<a href=\"https:\/\/youtube.com\/playlist?list=PLarPhgGhSYjD21k0FdIEbMHNwbmazdj4d&amp;feature=shared\" target=\"_blank\" rel=\"noreferrer noopener\">Katholisch f\u00fcr Anf\u00e4nger<\/a>\u201c erkl\u00e4rt mit einfachen und humorvollen Kurzvideos Begriffe aus Kirche und Christentum.<\/figcaption><\/figure>\n\n\n\n<figure class=\"wp-block-embed is-type-video is-provider-youtube wp-block-embed-youtube wp-embed-aspect-16-9 wp-has-aspect-ratio\"><div class=\"wp-block-embed__wrapper\">\n<iframe loading=\"lazy\" title=\"3MC - Folge 39 - Was ist die heilige Messe?\" width=\"780\" height=\"439\" src=\"https:\/\/www.youtube.com\/embed\/EIFvmBX8-uY?feature=oembed\" frameborder=\"0\" allow=\"accelerometer; autoplay; clipboard-write; encrypted-media; gyroscope; picture-in-picture; web-share\" referrerpolicy=\"strict-origin-when-cross-origin\" allowfullscreen><\/iframe>\n<\/div><figcaption class=\"wp-element-caption\">Aus dem&nbsp;<a href=\"https:\/\/youtube.com\/playlist?list=PLIcePO_eJb280VQ2Ykp2HVrJ4NnA1JItn&amp;feature=shared\" target=\"_blank\" rel=\"noreferrer noopener\">3 Minuten-Katechismus (nicht nur) f\u00fcr Firmkandidaten<\/a><\/figcaption><\/figure>\n\n\n\n<figure class=\"wp-block-embed is-type-video is-provider-youtube wp-block-embed-youtube wp-embed-aspect-16-9 wp-has-aspect-ratio\"><div class=\"wp-block-embed__wrapper\">\n<iframe loading=\"lazy\" title=\"Die Messe Teil 1 - Mein Gott &amp; (Alter) Walter - Folge 19 zum Glaubensbekenntnis (Credo)\" width=\"780\" height=\"439\" src=\"https:\/\/www.youtube.com\/embed\/Q86bHNU-9ew?feature=oembed\" frameborder=\"0\" allow=\"accelerometer; autoplay; clipboard-write; encrypted-media; gyroscope; picture-in-picture; web-share\" referrerpolicy=\"strict-origin-when-cross-origin\" allowfullscreen><\/iframe>\n<\/div><figcaption class=\"wp-element-caption\">Aus der Reihe \u201e<a href=\"https:\/\/youtube.com\/playlist?list=PLfHeNzT80bWq9quiz8a9UReB-mlxAzNLt&amp;feature=shared\" target=\"_blank\" rel=\"noreferrer noopener\">Alter Walter \u2013 Mein Gott und Walter reloaded<\/a>\u201c (Einf\u00fchrung in den katholischen Glauben)<\/figcaption><\/figure>\n\n\n\n<figure class=\"wp-block-embed is-type-video is-provider-youtube wp-block-embed-youtube wp-embed-aspect-16-9 wp-has-aspect-ratio\"><div class=\"wp-block-embed__wrapper\">\n<iframe loading=\"lazy\" title=\"Was bedeutet Eucharistie?\" width=\"780\" height=\"439\" src=\"https:\/\/www.youtube.com\/embed\/qj6TDP09LqY?feature=oembed\" frameborder=\"0\" allow=\"accelerometer; autoplay; clipboard-write; encrypted-media; gyroscope; picture-in-picture; web-share\" referrerpolicy=\"strict-origin-when-cross-origin\" allowfullscreen><\/iframe>\n<\/div><figcaption class=\"wp-element-caption\">\u201e<a href=\"https:\/\/youtube.com\/playlist?list=PLarPhgGhSYjD21k0FdIEbMHNwbmazdj4d&amp;feature=shared\" target=\"_blank\" rel=\"noreferrer noopener\">Katholisch f\u00fcr Anf\u00e4nger<\/a>\u201c erkl\u00e4rt mit einfachen und humorvollen Kurzvideos Begriffe aus Kirche und Christentum.<\/figcaption><\/figure>\n\n\n\n<figure class=\"wp-block-embed is-type-video is-provider-youtube wp-block-embed-youtube wp-embed-aspect-16-9 wp-has-aspect-ratio\"><div class=\"wp-block-embed__wrapper\">\n<iframe loading=\"lazy\" title=\"3MC - Folge 38 - Was ist die Eucharistie?\" width=\"780\" height=\"439\" src=\"https:\/\/www.youtube.com\/embed\/-hjKcBTORvI?feature=oembed\" frameborder=\"0\" allow=\"accelerometer; autoplay; clipboard-write; encrypted-media; gyroscope; picture-in-picture; web-share\" referrerpolicy=\"strict-origin-when-cross-origin\" allowfullscreen><\/iframe>\n<\/div><figcaption class=\"wp-element-caption\">Aus dem&nbsp;<a href=\"https:\/\/youtube.com\/playlist?list=PLIcePO_eJb280VQ2Ykp2HVrJ4NnA1JItn&amp;feature=shared\" target=\"_blank\" rel=\"noreferrer noopener\">3 Minuten-Katechismus (nicht nur) f\u00fcr Firmkandidaten<\/a><\/figcaption><\/figure>\n\n\n\n<figure class=\"wp-block-embed is-type-video is-provider-youtube wp-block-embed-youtube wp-embed-aspect-16-9 wp-has-aspect-ratio\"><div class=\"wp-block-embed__wrapper\">\n<iframe loading=\"lazy\" title=\"Die Messe Teil 2 - Mein Gott &amp; (Alter) Walter - Folge 20 zum Glaubensbekenntnis (Credo)\" width=\"780\" height=\"439\" src=\"https:\/\/www.youtube.com\/embed\/PM_u0ixsZK0?feature=oembed\" frameborder=\"0\" allow=\"accelerometer; autoplay; clipboard-write; encrypted-media; gyroscope; picture-in-picture; web-share\" referrerpolicy=\"strict-origin-when-cross-origin\" allowfullscreen><\/iframe>\n<\/div><figcaption class=\"wp-element-caption\">Aus der Reihe \u201e<a href=\"https:\/\/youtube.com\/playlist?list=PLfHeNzT80bWq9quiz8a9UReB-mlxAzNLt&amp;feature=shared\" target=\"_blank\" rel=\"noreferrer noopener\">Alter Walter \u2013 Mein Gott und Walter reloaded<\/a>\u201c (Einf\u00fchrung in den katholischen Glauben)<\/figcaption><\/figure>\n","protected":false},"excerpt":{"rendered":"<p>Im Sakrament der Eucharistie gibt sich Gott zur Nahrung: Wir empfangen den Leib Christi und werden Teil an seinem Leib, der Kirche. Die Heilige Messe (Eucharistie-Feier) in deutscher Sprache feiern [&hellip;]<\/p>\n","protected":false},"author":1,"featured_media":631,"parent":0,"menu_order":0,"comment_status":"closed","ping_status":"closed","template":"","meta":{"footnotes":""},"class_list":["post-165","page","type-page","status-publish","has-post-thumbnail","hentry"],"_links":{"self":[{"href":"https:\/\/www.elisabeth.hu\/index.php\/wp-json\/wp\/v2\/pages\/165","targetHints":{"allow":["GET"]}}],"collection":[{"href":"https:\/\/www.elisabeth.hu\/index.php\/wp-json\/wp\/v2\/pages"}],"about":[{"href":"https:\/\/www.elisabeth.hu\/index.php\/wp-json\/wp\/v2\/types\/page"}],"author":[{"embeddable":true,"href":"https:\/\/www.elisabeth.hu\/index.php\/wp-json\/wp\/v2\/users\/1"}],"replies":[{"embeddable":true,"href":"https:\/\/www.elisabeth.hu\/index.php\/wp-json\/wp\/v2\/comments?post=165"}],"version-history":[{"count":49,"href":"https:\/\/www.elisabeth.hu\/index.php\/wp-json\/wp\/v2\/pages\/165\/revisions"}],"predecessor-version":[{"id":2110,"href":"https:\/\/www.elisabeth.hu\/index.php\/wp-json\/wp\/v2\/pages\/165\/revisions\/2110"}],"wp:featuredmedia":[{"embeddable":true,"href":"https:\/\/www.elisabeth.hu\/index.php\/wp-json\/wp\/v2\/media\/631"}],"wp:attachment":[{"href":"https:\/\/www.elisabeth.hu\/index.php\/wp-json\/wp\/v2\/media?parent=165"}],"curies":[{"name":"wp","href":"https:\/\/api.w.org\/{rel}","templated":true}]}}